alse
Suppose -19*f + 66*f - 2688316 = 2224923. Is f prime?
True
Let t(b) = 2*b**3 + 32*b**2 + 50*b - 1145. Is t(26) composite?
True
Suppose -18 = 3*r + 6*r. Let m be -4 - (-3 - r - 65). Suppose 22*f = 24*f - m. Is f composite?
False
Is 185433/226*1546/3 a prime number?
False
Let t(x) = 25*x**3 + 4 - 15*x**2 + 20*x**2 + 278*x**3 - 7*x. Let f be t(2). Suppose 0 = -4*q + 2*q + f. Is q prime?
True
Let t(p) = -2*p**3 - 2*p + 251. Suppose 30*u + j = 34*u + 5, 0 = u - 4*j + 20. Is t(u) a prime number?
True
Suppose -2*r + 5*x = 39, 3*r + 105 = -r + x. Let t = -15 + 9. Is (-3 + r/(-6))*(-508)/t a composite number?
False
Suppose 0 = -4*j + 4*o - 4 - 0, -2*o = -10. Suppose j*i + 38 = -118. Is ((-26)/3)/(2/i) a composite number?
True
Let l(z) = z**3 - 3*z**2 - 6. Let p be l(3). Let d(u) be the second derivative of u**5/20 + u**4 - 2*u**3/3 - 5*u**2/2 - 8*u. Is d(p) a composite number?
True
Let j(v) = -v**2 - 22*v + 27. Let m be j(-23). Suppose 0 = -3*x - 2*x - o + 38842, -m*x = 4*o - 31064. Is x a prime number?
False
Is ((-9580)/30)/(-1 + (-123)/10953*-89) a prime number?
False
Let p be (-8)/20 - (-8834)/35*-94. Is p/(-4) + 8 + 3/(-6) prime?
True
Let o be (77 + -79)/((-2)/15). Is 23214/9 - 5/o composite?
False
Suppose -8*n = 3*o - 12*n - 70764, 2*n = -6. Suppose f - 4*k - o = 1071, -4*f = k - 98671. Is f a prime number?
False
Let f be (-7)/(14 + 0) + 63286/4. Suppose -5*b + 39549 = -4*q, 5*b = 3*b + 3*q + f. Is b a prime number?
False
Let x(c) = -49*c**3 + 2*c**2 - 4*c - 2. Let l be x(-3). Suppose 7*a - 302 = -2*g + 2*a, 4*g - 588 = -2*a. Let d = l + g. Is d a prime number?
False
Let w = 48586 + 151513. Is w a composite number?
True
Let g = -298148 - -1363777. Is g a composite number?
False
Let y(a) = -4720*a + 1041. Is y(-17) composite?
False
Let p(k) = 184*k**2 - 7. Let a be p(-7). Let q = a + -5270. Is q a prime number?
True
Suppose 2*z - 12 = 8*z. Let x be (1 - 1)/z + (-2 - -1). Is 503*x/(2/(-6)) prime?
False
Let n = 228 - 223. Suppose -17051 + 5386 = -n*r. Is r composite?
False
Suppose x + 0*z = -z + 6, 5*z - 24 = x. Let l be (1050/(-28))/(1/2)*x. Let o = 260 + l. Is o composite?
True
Let h(t) be the second derivative of 411*t**4/2 + t**3/2 + t**2 + 15*t. Let r be h(-1). Suppose -5*j + r = -110. Is j a prime number?
False
Let v(b) = -300*b**2 - 4*b - 14. Let l be v(6). Let c = l - -27885. Suppose c - 3939 = 4*t. Is t a prime number?
False
Let n = 684 + -87. Let c = n + 2812. Is c composite?
True
Let a = 117 + -110. Is (8216/a - 0) + 14/49 prime?
False
Suppose m = 3*l - 18, -2*l + 6*l - 3*m = 29. Suppose -5*w + 19 = 5*g - 26, 5*w = l*g + 5. Suppose 3395 = g*b + b. Is b composite?
True
Let v be -4 - 0 - (-18*3)/6. Let i(h) = -2*h - 4. Let z be i(-4). Suppose 0 = z*u - v*u + 5*p + 662, -5*u + 3400 = 5*p. Is u composite?
False
Let h = -49770 + 73169. Is h a prime number?
True
Let y(n) = 19*n**2 + 68*n + 41. Let g(r) = -18*r**2 - 67*r - 42. Let m(s) = 2*g(s) + 3*y(s). Is m(-22) composite?
False
Let g(c) = 8*c - 94. Let x be g(12). Is 2*2 + x + 6172 + -5 a prime number?
True
Let t(x) = 20*x + 2556 - 803 + 29*x - 61*x. Is t(0) composite?
False
Let g(u) = -15*u + 13751. Is g(0) a prime number?
True
Suppose -4*n = -38826 - 27866. Is n prime?
True
Suppose h = p - 152833, -39721 = 2*p - h - 345387. Is p composite?
False
Let v(i) = -i**2 + 16*i + 47. Let q be v(18). Let f(t) = 76*t - 26. Let x be f(q). Suppose x = 7*d - 2207. Is d composite?
False
Let z = 957495 - 532778. Is z a prime number?
False
Let m = -1128322 - -1743957. Is m composite?
True
Suppose -33*s + d + 1904203 = 0, 36*s = 39*s - d - 173113. Is s a composite number?
True
Let i(r) = 2*r**2 - 4*r - 24. Let f be i(12). Suppose 2*a = 7*a - 5425. Let u = a - f. Is u a composite number?
True
Suppose 3348 = -21*g + 12*g. Let l be (-1*63/(-6))/((-1)/g). Suppose -2*m = -6*w + 8*w - l, -4*w = -2*m + 3882. Is m a prime number?
True
Let u(d) = 25*d**2 - d - 1409. Is u(-65) a composite number?
False
Suppose -227*k = -154*k + 201*k - 46415326. Is k composite?
False
Suppose 0 = -0*j - 3*j + 3, 2*j = 3*u - 214. Suppose 10*h = 19*h - u. Let o(n) = 3*n**3 - 10*n**2 - 2*n + 7. Is o(h) prime?
True
Let s be 69 - 1 - 8/(-8). Let f = s - 104. Is f/10*331/(-2)*4 a prime number?
False
Let g be -129927 - (-3)/((-9)/15). Is g/(-20) - 10/(-25) composite?
True
Let p = -254343 + 420154. Is p composite?
False
Let j be (-146)/(-8) - 1/4. Suppose -4*r = -2*w + j, 3*r = -w - 1 - 0. Is -1 + (r - -1) + 1346 + -1 prime?
False
Is ((-1)/(-8) + 18/(-16))/(1/(-5299)) a composite number?
True
Let w be (13089 + 7)/(14/91). Suppose -11*a - 16407 + w = 0. Is a a composite number?
False
Let g = 272547 - 56524. Is g a composite number?
False
Suppose 2*s - 6*s = -z - 6, -2*z = 2*s + 2. Let b be (2 + 750)/(s/(-12)*2). Let d = 7901 + b. Is d prime?
True
Let o = 4881 - 3468. Let v(x) = 2*x + 59. Let t be v(-26). Is (t/(-21))/((-3)/o) composite?
False
Suppose -44*z = -47*z + 15. Suppose 12*l = -4*n + 7*l + 5959, 4*l - 7442 = -z*n. Is n prime?
False
Let j = -479 + 487. Suppose j*v + 433923 = 29*v. Is v prime?
True
Suppose -3800270 - 1901881 = -21*r. Is r composite?
True
Let i be 67726/(-8) - 20/80. Let r = -473 - i. Is r composite?
False
Suppose -28*z + 23*z = -52960. Suppose -27*j + 22915 = -z. Is j composite?
True
Let k = 49 - 49. Suppose k = -3*d + g + 9, -5*d - 6*g = -3*g - 1. Suppose 0 = 6*w - d*w - 16780. Is w composite?
True
Let m(u) = -2927*u**3 - u**2 - 2*u - 1. Suppose 82*r - 74*r = -8. Is m(r) prime?
True
Let l = 51 - -126. Let w(z) = -z**3 - 4*z**2 - 13*z - 30. Let c be w(-3). Suppose c*m - m = -l. Is m a composite number?
True
Is (-395844)/(-8) - 7/70*-5 a composite number?
False
Suppose -80134*f + 80143*f - 2428659 = 0. Is f a composite number?
False
Let j = 95358 - -1677. Suppose -312*x = -317*x + j. Is x a prime number?
False
Let u = -181831 - -295134. Is u composite?
True
Suppose -3*s + 476 = -4*b - 1506, -5*s - 4*b = -3314. Let p = s + -425. Is p composite?
True
Suppose 0 = 27*g - 493917 - 2622450. Is g composite?
False
Let r(v) = 38*v**2 - 71*v - 4. Let f be r(2). Suppose 0 = b + 2*b - 6. Is b/9*-3 - (-946)/f a prime number?
True
Let x(a) = -6*a + 1066. Let g be x(-34). Let f(z) = -8*z**2 - 2*z + 7. Let d be f(6). Let k = d + g. Is k a prime number?
True
Let u(q) = 5897*q + 7. Let g(w) = w - 2. Let k(o) = -g(o) + u(o). Is k(1) a prime number?
False
Let s(y) = -48*y**3 + y**2 + 2*y + 2. Let h be s(-1). Suppose h*n = 47*n + 408. Is (-12459)/(-17) - 6*(-4)/n a prime number?
True
Let l = -127159 + 252222. Is l prime?
True
Suppose 11*y + 1016 = -2900. Is ((-6)/(-4))/(-1 + (-362)/y) composite?
False
Let i = 322 + -311. Suppose 4*u = -i*u + 57675. Is u a composite number?
True
Suppose -422*g + 404*g + 4465242 = 0. Is g composite?
True
Let t = -409 - -244. Let n = t + 376. Is n composite?
False
Let w(b) = 10*b**3 + 3*b - 5. Let f be w(1). Suppose 0 = -f*z - 28233 + 100985. Is z prime?
False
Suppose -2*r = 4*g - 16640, -2*r = r + 12. Suppose 4*a + a = 3*m - 3113, -4*m + a = -g. Suppose -n = -w - m + 289, -4*n + 3009 = -5*w. Is n a prime number?
True
Let p(x) = 318*x**2 + 35*x - 417. Is p(-24) prime?
False
Let h = -349986 + 1083713. Is h a prime number?
False
Suppose 3*n = 5*p - 128, 24 = 2*p - p - n. Suppose 2*y + 2*y - p = 0. Let o(g) = 139*g + 25. Is o(y) prime?
False
Suppose -16*h + 14*h = 0. Let p(n) = 6*n + 10. Let j be p(h). Is (-5 - -3)*(-13595)/j a composite number?
False
Suppose 230*w + 393177 = 467*w - 234*w. Is w prime?
True
Let z be (329/2)/(8 - (-282)/(-36)). Let n = z - 500. Is n a prime number?
True
Suppose 5*w + 2*q = -2, -5*w = -q + 59 - 60. Is (-30)/(-6 - w) + (2 - -400) a prime number?
False
Let m be 14 - (7 - (-7 + 17)). Suppose 0 = 3*q + m*q - 163960. Is q composite?
True
Suppose 0 = 10*m - 4*m + 36. Let d = -10 + m. Is d/(-104) - (77970/(-26) + 0) prime?
True
Suppose -y = 0, -h + 4*y + 73 = -y. Let m = h - -442. Is m composite?
True
Suppose 2*p - 677592 = -y - 176453, 2*p = -4*y + 2004592. Is y composite?
True
Let j be (2 - (-6)/(-4))*(-14 - -34). Let b be (1 - 2/j)*(-470)/(-4). Let v = 487 + b. Is v a prime number?
False
Let j be (-70)/14 - (-28)/1. Let w(h) = 417*h + 11. Let p(v) = 418*v + 11. Let t(z) = -3*p(z) + 4*w(z). Is t(j) composite?
False
Let z be (-3 - ((-1 - 1) + -1))/(-1). Suppose -4*w - 41 + 17 = z. 